{"id":30127,"date":"2024-07-15T21:14:47","date_gmt":"2024-07-15T21:14:47","guid":{"rendered":"https:\/\/store.wattsc.com\/?post_type=product&#038;p=30127"},"modified":"2024-07-15T21:57:11","modified_gmt":"2024-07-15T21:57:11","slug":"station-de-recharge-rapide-dc-60kw-ocpp-ts-edw060","status":"publish","type":"product","link":"https:\/\/store.wattsc.com\/?product=station-de-recharge-rapide-dc-60kw-ocpp-ts-edw060","title":{"rendered":"Station de recharge rapide DC 60KW OCPP &#8211; TS-EDW060 &#8211; Teison"},"content":{"rendered":"<h1><strong>60KW OCPP DC Chargeur Rapide Station<\/strong><\/h1>\n<h2>Aper\u00e7u du Produit<\/h2>\n<p>La station de recharge rapide CC 60KW OCPP de Teison est un chargeur VE rapide CC de base. Elle est facile \u00e0 installer, stable en performance et offre une fonction de protection compl\u00e8te. L&rsquo;\u00e9cran LCD peut afficher l&rsquo;\u00e9tat de charge, ce qui est convivial pour l&rsquo;utilisateur. Elle prend en charge les stations de recharge CCS+CHADEMO+CA, a pass\u00e9 la certification CE, supporte les protocoles de charge standard europ\u00e9en et japonais, dispose d&rsquo;une plateforme cloud OCPP et peut \u00eatre facilement g\u00e9r\u00e9e. Le chargeur peut \u00eatre \u00e9quip\u00e9 en option d&rsquo;un support colonne pour une installation en ext\u00e9rieur.<\/p>\n<p><img fetchpriority=\"high\" decoding=\"async\" class=\"aligncenter\" src=\"https:\/\/www.teisonev.com\/Content\/uploads\/2024466000\/20240605103257683ad5b76e1940e2b023ca28b2938372.jpg\" alt=\"1000x1000-3_\" width=\"750\" height=\"792\" \/><\/p>\n<p><img decoding=\"async\" class=\"aligncenter\" src=\"https:\/\/www.teisonev.com\/Content\/uploads\/2023466000\/202307171041395542f26a9b9d4d2fb229e09020eb4f9d.jpg\" alt=\"+dc_02\" width=\"750\" height=\"371\" \/><\/p>\n<p>&nbsp;<\/p>\n<table style=\"border-collapse: collapse; width: 100%;\">\n<thead>\n<tr style=\"background-color: #32cd32;\">\n<th style=\"border: 1px solid black; padding: 8px;\" colspan=\"7\">Sp\u00e9cifications du produit<\/th>\n<\/tr>\n<\/thead>\n<tbody>\n<tr>\n<td style=\"border: 1px solid black; padding: 8px; font-weight: bold;\" colspan=\"7\">Sp\u00e9cification<\/td>\n<\/tr>\n<tr>\n<td style=\"border: 1px solid black; padding: 8px;\">Mod\u00e8le<\/td>\n<td style=\"border: 1px solid black; padding: 8px;\">TS-EDC60AA<\/td>\n<td style=\"border: 1px solid black; padding: 8px;\">TS-EDC60AA\/AC43<\/td>\n<td style=\"border: 1px solid black; padding: 8px;\">TS-EDC90AA<\/td>\n<td style=\"border: 1px solid black; padding: 8px;\">TS-EDC90AA\/AC43<\/td>\n<td style=\"border: 1px solid black; padding: 8px;\">TS-EDC120AA<\/td>\n<td style=\"border: 1px solid black; padding: 8px;\">TS-EDC120AA\/AC43<\/td>\n<\/tr>\n<tr>\n<td style=\"border: 1px solid black; padding: 8px; font-weight: bold;\" colspan=\"7\">Propri\u00e9t\u00e9s \u00e9lectriques<\/td>\n<\/tr>\n<tr>\n<td style=\"border: 1px solid black; padding: 8px;\" colspan=\"7\">Entr\u00e9e CA<\/td>\n<\/tr>\n<tr>\n<td style=\"border: 1px solid black; padding: 8px;\">Puissance d&rsquo;entr\u00e9e nominale<\/td>\n<td style=\"border: 1px solid black; padding: 8px;\" colspan=\"6\">CA400V(\u00b115%)3ph<\/td>\n<\/tr>\n<tr>\n<td style=\"border: 1px solid black; padding: 8px;\">Connexion d&rsquo;entr\u00e9e CA<\/td>\n<td style=\"border: 1px solid black; padding: 8px;\" colspan=\"6\">3P+N+PE<\/td>\n<\/tr>\n<tr>\n<td style=\"border: 1px solid black; padding: 8px;\">Courant d&rsquo;entr\u00e9e nominal<\/td>\n<td style=\"border: 1px solid black; padding: 8px;\" colspan=\"2\">3\u03a6100A<\/td>\n<td style=\"border: 1px solid black; padding: 8px;\" colspan=\"2\">3\u03a6150A<\/td>\n<td style=\"border: 1px solid black; padding: 8px;\" colspan=\"2\">3\u03a6200A<\/td>\n<\/tr>\n<tr>\n<td style=\"border: 1px solid black; padding: 8px;\">Fr\u00e9quence<\/td>\n<td style=\"border: 1px solid black; padding: 8px;\" colspan=\"6\">50\/60Hz<\/td>\n<\/tr>\n<tr>\n<td style=\"border: 1px solid black; padding: 8px;\">Facteur de puissance<\/td>\n<td style=\"border: 1px solid black; padding: 8px;\" colspan=\"6\">\u22650.99<\/td>\n<\/tr>\n<tr>\n<td style=\"border: 1px solid black; padding: 8px;\">Efficacit\u00e9<\/td>\n<td style=\"border: 1px solid black; padding: 8px;\" colspan=\"6\">\u226595%<\/td>\n<\/tr>\n<tr>\n<td style=\"border: 1px solid black; padding: 8px;\" colspan=\"7\">Sortie CC<\/td>\n<\/tr>\n<tr>\n<td style=\"border: 1px solid black; padding: 8px;\">Plage de tension de sortie<\/td>\n<td style=\"border: 1px solid black; padding: 8px;\" colspan=\"6\">200V-1000V<\/td>\n<\/tr>\n<tr>\n<td style=\"border: 1px solid black; padding: 8px;\">Courant de sortie max<\/td>\n<td style=\"border: 1px solid black; padding: 8px;\" colspan=\"2\">200A(syst\u00e8me)<\/td>\n<td style=\"border: 1px solid black; padding: 8px;\" colspan=\"2\">300A(syst\u00e8me)<\/td>\n<td style=\"border: 1px solid black; padding: 8px;\" colspan=\"2\">400A(syst\u00e8me)<\/td>\n<\/tr>\n<tr>\n<td style=\"border: 1px solid black; padding: 8px;\">Puissance de sortie max<\/td>\n<td style=\"border: 1px solid black; padding: 8px;\" colspan=\"2\">CC60kW<\/td>\n<td style=\"border: 1px solid black; padding: 8px;\" colspan=\"2\">CC90kW<\/td>\n<td style=\"border: 1px solid black; padding: 8px;\" colspan=\"2\">CC120kW<\/td>\n<\/tr>\n<tr>\n<td style=\"border: 1px solid black; padding: 8px;\">Pr\u00e9cision de tension<\/td>\n<td style=\"border: 1px solid black; padding: 8px;\" colspan=\"6\">\u2264\u00b10.5%<\/td>\n<\/tr>\n<tr>\n<td style=\"border: 1px solid black; padding: 8px;\">Pr\u00e9cision de courant<\/td>\n<td style=\"border: 1px solid black; padding: 8px;\" colspan=\"6\">\u2264\u00b11%<\/td>\n<\/tr>\n<tr>\n<td style=\"border: 1px solid black; padding: 8px; font-weight: bold;\" colspan=\"7\">Interface utilisateur et contr\u00f4le<\/td>\n<\/tr>\n<tr>\n<td style=\"border: 1px solid black; padding: 8px;\">Affichage<\/td>\n<td style=\"border: 1px solid black; padding: 8px;\" colspan=\"6\">\u00c9cran tactile 10.1&Prime;<\/td>\n<\/tr>\n<tr>\n<td style=\"border: 1px solid black; padding: 8px;\">Mat\u00e9riau de l&rsquo;\u00e9cran<\/td>\n<td style=\"border: 1px solid black; padding: 8px;\" colspan=\"6\">LCD<\/td>\n<\/tr>\n<tr>\n<td style=\"border: 1px solid black; padding: 8px;\">Boutons poussoirs<\/td>\n<td style=\"border: 1px solid black; padding: 8px;\" colspan=\"6\">Boutons de fonctionnement\/Boutons d&rsquo;urgence<\/td>\n<\/tr>\n<tr>\n<td style=\"border: 1px solid black; padding: 8px;\">Authentification utilisateur<\/td>\n<td style=\"border: 1px solid black; padding: 8px;\" colspan=\"6\">RFID, OCPP, code QR, mot de passe<\/td>\n<\/tr>\n<tr>\n<td style=\"border: 1px solid black; padding: 8px;\">Application<\/td>\n<td style=\"border: 1px solid black; padding: 8px;\" colspan=\"6\">Langues prises en charge : Anglais (Autres langues disponibles sur demande)<\/td>\n<\/tr>\n<tr>\n<td style=\"border: 1px solid black; padding: 8px; font-weight: bold;\" colspan=\"7\">Communication<\/td>\n<\/tr>\n<tr>\n<td style=\"border: 1px solid black; padding: 8px;\">Externe<\/td>\n<td style=\"border: 1px solid black; padding: 8px;\" colspan=\"6\">Ethernet, WIFI, 3G\/4G<\/td>\n<\/tr>\n<tr>\n<td style=\"border: 1px solid black; padding: 8px;\">Interne<\/td>\n<td style=\"border: 1px solid black; padding: 8px;\" colspan=\"6\">CAN, RS485, RS232<\/td>\n<\/tr>\n<tr>\n<td style=\"border: 1px solid black; padding: 8px; font-weight: bold;\" colspan=\"7\">Environnemental<\/td>\n<\/tr>\n<tr>\n<td style=\"border: 1px solid black; padding: 8px;\">Temp\u00e9rature de fonctionnement<\/td>\n<td style=\"border: 1px solid black; padding: 8px;\" colspan=\"6\">-30\u2103-+50\u2103<\/td>\n<\/tr>\n<tr>\n<td style=\"border: 1px solid black; padding: 8px;\">Humidit\u00e9<\/td>\n<td style=\"border: 1px solid black; padding: 8px;\" colspan=\"6\">&lt;95% d&rsquo;humidit\u00e9 relative, sans condensation<\/td>\n<\/tr>\n<tr>\n<td style=\"border: 1px solid black; padding: 8px;\">Altitude<\/td>\n<td style=\"border: 1px solid black; padding: 8px;\" colspan=\"6\">\u22642000m (6000 pieds)<\/td>\n<\/tr>\n<tr>\n<td style=\"border: 1px solid black; padding: 8px; font-weight: bold;\" colspan=\"7\">M\u00e9canique<\/td>\n<\/tr>\n<tr>\n<td style=\"border: 1px solid black; padding: 8px;\">Protection contre les infiltrations<\/td>\n<td style=\"border: 1px solid black; padding: 8px;\" colspan=\"6\">IP55<\/td>\n<\/tr>\n<tr>\n<td style=\"border: 1px solid black; padding: 8px;\">Protection du bo\u00eetier<\/td>\n<td style=\"border: 1px solid black; padding: 8px;\" colspan=\"6\">IK10<\/td>\n<\/tr>\n<tr>\n<td style=\"border: 1px solid black; padding: 8px;\">Refroidissement<\/td>\n<td style=\"border: 1px solid black; padding: 8px;\" colspan=\"6\">Ventilation forc\u00e9e<\/td>\n<\/tr>\n<tr>\n<td style=\"border: 1px solid black; padding: 8px;\">M\u00e9thode d&rsquo;installation<\/td>\n<td style=\"border: 1px solid black; padding: 8px;\" colspan=\"6\">Montage mural<\/td>\n<\/tr>\n<tr>\n<td style=\"border: 1px solid black; padding: 8px; font-weight: bold;\" colspan=\"7\">Protection<\/td>\n<\/tr>\n<tr>\n<td style=\"border: 1px solid black; padding: 8px;\">Protection<\/td>\n<td style=\"border: 1px solid black; padding: 8px;\" colspan=\"6\">Surintensit\u00e9, Sous-tension, Surtension, Courant r\u00e9siduel, Protection contre les surtensions, Court-circuit, Surchauffe, D\u00e9faut de terre<\/td>\n<\/tr>\n<tr>\n<td style=\"border: 1px solid black; padding: 8px; font-weight: bold;\" colspan=\"7\">R\u00e9glementation<\/td>\n<\/tr>\n<tr>\n<td style=\"border: 1px solid black; padding: 8px;\">Certificat<\/td>\n<td style=\"border: 1px solid black; padding: 8px;\" colspan=\"6\">CE\/CB\/TUV<\/td>\n<\/tr>\n<tr>\n<td style=\"border: 1px solid black; padding: 8px;\">Norme<\/td>\n<td style=\"border: 1px solid black; padding: 8px;\" colspan=\"6\">EN IEC 61851-1:2019;EN 61851-23:2014;EN 61851-24:2014; EN IEC 61851-21-2:2021<\/td>\n<\/tr>\n<\/tbody>\n<\/table>\n<p>&nbsp;<\/p>\n<p class=\"whitespace-pre-wrap break-words\"><strong>Caract\u00e9ristiques du produit<\/strong><\/p>\n<ul class=\"-mt-1 list-disc space-y-2 pl-8\">\n<li class=\"whitespace-normal break-words\">CHARGEUR CCS &amp; CHARGEUR CHADEMO Nos produits sont d\u00e9velopp\u00e9s sans aucun facteur instable, avec une haute stabilit\u00e9, un niveau de protection IP55 et une plateforme de gestion cloud OCPP.<\/li>\n<li class=\"whitespace-normal break-words\">CCS &amp; CHADEMO &amp; CA Solution de borne de recharge pour v\u00e9hicules \u00e9lectriques multi-standards et rentable.<\/li>\n<li class=\"whitespace-normal break-words\">VEHICLE-TO-GRID (V2G) Nous avons d\u00e9j\u00e0 ma\u00eetris\u00e9 la technologie V2G et l&rsquo;avons mise en \u0153uvre.<\/li>\n<li class=\"whitespace-normal break-words\">PCR-OCPP Un syst\u00e8me d&rsquo;exploitation et de maintenance a \u00e9t\u00e9 mis en place sur la base du protocole OCPP.<\/li>\n<li class=\"whitespace-normal break-words\">IP55 &amp; TUV R\u00e9pondant aux exigences des normes de s\u00e9curit\u00e9 internationales les plus strictes.<\/li>\n<\/ul>\n<p>&nbsp;<\/p>\n<p><img decoding=\"async\" class=\"aligncenter\" src=\"https:\/\/www.teisonev.com\/Content\/uploads\/2023466000\/20230717104149279a917ab128440fa2417ce0db3cd017.jpg\" alt=\"+dc_04\" width=\"750\" height=\"851\" \/><\/p>\n<p class=\"whitespace-pre-wrap break-words\"><strong>Caract\u00e9ristiques techniques<\/strong><\/p>\n<p class=\"whitespace-pre-wrap break-words\">La puissance nominale du contr\u00f4leur EVSE combo CA\/CC (norme CCS et CHAdeMO) est de 60KW, et il peut \u00eatre utilis\u00e9 pour la charge rapide des v\u00e9hicules \u00e9lectriques. Ses fonctions comprennent la conversion de puissance, le contr\u00f4le de charge, la communication CPL, la mesure d&rsquo;\u00e9nergie et la facturation de la charge. Le syst\u00e8me intelligent multi-charge peut fournir une distribution dynamique et permettre la charge de v\u00e9hicules \u00e9lectriques selon plusieurs normes. Il dispose d&rsquo;une fonction de charge \u00e0 courant ou tension constante, adapt\u00e9e aux syst\u00e8mes lithium haute tension. Avec des fonctions anti-poussi\u00e8re et \u00e9tanche (indice de protection : IP55), il convient pour une utilisation en ext\u00e9rieur. Il peut \u00eatre install\u00e9 dans les parkings, les stations de tramway, les aires de service des autoroutes et les supermarch\u00e9s.<\/p>\n<p><img loading=\"lazy\" decoding=\"async\" class=\"aligncenter\" src=\"https:\/\/www.teisonev.com\/Content\/uploads\/2024466000\/2024060510310811eb82097309490abb64b2dc9e179ddc.jpg\" alt=\"60kw dc banner 1920x900-2_\" width=\"750\" height=\"352\" \/><\/p>\n<p><img loading=\"lazy\" decoding=\"async\" class=\"aligncenter\" src=\"https:\/\/www.teisonev.com\/Content\/uploads\/2024466000\/202406051031188894d958010748ac8927f7299763293f.png\" alt=\"38325184-FEE3-4253-9A7B-45CF5236E7A8_\" width=\"750\" height=\"508\" \/><\/p>\n<h3>**Types de prises pris en charge<\/h3>\n<p><strong><img loading=\"lazy\" decoding=\"async\" class=\"aligncenter\" src=\"https:\/\/www.teisonev.com\/Content\/uploads\/2022466000\/20221006134136a9ed567aa3a5499bb989254fd174777a.png\" alt=\"dc fast charger\" width=\"730\" height=\"375\" border=\"0\" vspace=\"0\" \/><\/strong><\/p>\n<p>&nbsp;<\/p>\n<div>\n<p>&nbsp;<\/p>\n<\/div>\n","protected":false},"excerpt":{"rendered":"<p class=\"whitespace-pre-wrap break-words\">Station de recharge DC 60kW \u00e0 double sortie CCS2 avec OCPP, LAN, WIFI, RFID &#8211; En r\u00e9ponse \u00e0 la demande actuelle de charge CC sur le march\u00e9 marocain, nous recommandons des mod\u00e8les allant de 30 \u00e0 60kW. Cette station de recharge CCS+CHADEMO+CA a pass\u00e9 la certification CE\/CB, prend en charge les protocoles de charge standard europ\u00e9en et japonais, dispose d&rsquo;une plateforme cloud OCPP et peut \u00eatre facilement g\u00e9r\u00e9e.<\/p>\n<ul class=\"-mt-1 list-disc space-y-2 pl-8\">\n<li class=\"whitespace-normal break-words\">Puissance de sortie de 60kW<\/li>\n<li class=\"whitespace-normal break-words\">Double connecteur CCS2<\/li>\n<li class=\"whitespace-normal break-words\">Protocoles de communication : OCPP, LAN, WIFI<\/li>\n<li class=\"whitespace-normal break-words\">Identification par RFID<\/li>\n<li class=\"whitespace-normal break-words\">Certifi\u00e9 CE\/CB<\/li>\n<li class=\"whitespace-normal break-words\">Compatible avec les standards de charge europ\u00e9en et japonais<\/li>\n<li class=\"whitespace-normal break-words\">Prend en charge CCS, CHAdeMO et charge CA<\/li>\n<li class=\"whitespace-normal break-words\">Plateforme cloud OCPP pour une gestion simplifi\u00e9e<\/li>\n<li class=\"whitespace-normal break-words\">Adapt\u00e9 aux besoins du march\u00e9 marocain<\/li>\n<li class=\"whitespace-normal break-words\">Gamme de puissance recommand\u00e9e : 30-60kW<\/li>\n<\/ul>\n","protected":false},"featured_media":30128,"comment_status":"open","ping_status":"closed","template":"","meta":{"content-type":"","rop_custom_images_group":[],"rop_custom_messages_group":[],"rop_publish_now":"yes","rop_publish_now_accounts":{"gmb_114395098992411388296_accounts\/114395098992411388296\/locations\/12006445379806666969":"","linkedin_vd11fNtDAd_vd11fNtDAd":"","gmb_107160579247662550978_accounts\/107160579247662550978\/locations\/12097786389432444087":"","gmb_107160579247662550978_accounts\/107160579247662550978\/locations\/12006445379806666969":"","gmb_107160579247662550978_accounts\/107160579247662550978\/locations\/10051390009109310933":"","twitter_1300405782383558656_1300405782383558656":"","tumblr_wattscdotcom_wattscdotcom":"","linkedin_PK5Ejlb2VU_37419926":"","facebook_1791781087687796_116085383271852":"","facebook_1791781087687796_17841456517942081":""},"rop_publish_now_history":[],"rop_publish_now_status":"pending","site-sidebar-layout":"default","site-content-layout":"","ast-site-content-layout":"default","site-content-style":"default","site-sidebar-style":"default","ast-global-header-display":"","ast-banner-title-visibility":"","ast-main-header-display":"","ast-hfb-above-header-display":"","ast-hfb-below-header-display":"","ast-hfb-mobile-header-display":"","site-post-title":"","ast-breadcrumbs-content":"","ast-featured-img":"","footer-sml-layout":"","ast-disable-related-posts":"","theme-transparent-header-meta":"","adv-header-id-meta":"","stick-header-meta":"","header-above-stick-meta":"","header-main-stick-meta":"","header-below-stick-meta":"","astra-migrate-meta-layouts":"default","ast-page-background-enabled":"default","ast-page-background-meta":{"desktop":{"background-color":"var(--ast-global-color-5)","background-image":"","background-repeat":"repeat","background-position":"center center","background-size":"auto","background-attachment":"scroll","background-type":"","background-media":"","overlay-type":"","overlay-color":"","overlay-opacity":"","overlay-gradient":""},"tablet":{"background-color":"","background-image":"","background-repeat":"repeat","background-position":"center center","background-size":"auto","background-attachment":"scroll","background-type":"","background-media":"","overlay-type":"","overlay-color":"","overlay-opacity":"","overlay-gradient":""},"mobile":{"background-color":"","background-image":"","background-repeat":"repeat","background-position":"center center","background-size":"auto","background-attachment":"scroll","background-type":"","background-media":"","overlay-type":"","overlay-color":"","overlay-opacity":"","overlay-gradient":""}},"ast-content-background-meta":{"desktop":{"background-color":"var(--ast-global-color-4)","background-image":"","background-repeat":"repeat","background-position":"center center","background-size":"auto","background-attachment":"scroll","background-type":"","background-media":"","overlay-type":"","overlay-color":"","overlay-opacity":"","overlay-gradient":""},"tablet":{"background-color":"var(--ast-global-color-4)","background-image":"","background-repeat":"repeat","background-position":"center center","background-size":"auto","background-attachment":"scroll","background-type":"","background-media":"","overlay-type":"","overlay-color":"","overlay-opacity":"","overlay-gradient":""},"mobile":{"background-color":"var(--ast-global-color-4)","background-image":"","background-repeat":"repeat","background-position":"center center","background-size":"auto","background-attachment":"scroll","background-type":"","background-media":"","overlay-type":"","overlay-color":"","overlay-opacity":"","overlay-gradient":""}}},"product_brand":[255],"product_cat":[146,239,147],"product_tag":[260,261,259,256],"class_list":{"0":"post-30127","1":"product","2":"type-product","3":"status-publish","4":"has-post-thumbnail","6":"product_brand-teison","7":"product_cat-bornes-de-recharge-public","8":"product_cat-bornes-de-recharge-dc-ev","9":"product_cat-bornes-de-recharge-rapide-dc","10":"product_tag-60kw","11":"product_tag-ocpp","12":"product_tag-station-de-recharge-rapide-dc","13":"product_tag-teison","14":"desktop-align-left","15":"tablet-align-left","16":"mobile-align-left","18":"first","19":"instock","20":"taxable","21":"shipping-taxable","22":"purchasable","23":"product-type-simple"},"_links":{"self":[{"href":"https:\/\/store.wattsc.com\/index.php?rest_route=\/wp\/v2\/product\/30127","targetHints":{"allow":["GET"]}}],"collection":[{"href":"https:\/\/store.wattsc.com\/index.php?rest_route=\/wp\/v2\/product"}],"about":[{"href":"https:\/\/store.wattsc.com\/index.php?rest_route=\/wp\/v2\/types\/product"}],"replies":[{"embeddable":true,"href":"https:\/\/store.wattsc.com\/index.php?rest_route=%2Fwp%2Fv2%2Fcomments&post=30127"}],"version-history":[{"count":3,"href":"https:\/\/store.wattsc.com\/index.php?rest_route=\/wp\/v2\/product\/30127\/revisions"}],"predecessor-version":[{"id":30134,"href":"https:\/\/store.wattsc.com\/index.php?rest_route=\/wp\/v2\/product\/30127\/revisions\/30134"}],"wp:featuredmedia":[{"embeddable":true,"href":"https:\/\/store.wattsc.com\/index.php?rest_route=\/wp\/v2\/media\/30128"}],"wp:attachment":[{"href":"https:\/\/store.wattsc.com\/index.php?rest_route=%2Fwp%2Fv2%2Fmedia&parent=30127"}],"wp:term":[{"taxonomy":"product_brand","embeddable":true,"href":"https:\/\/store.wattsc.com\/index.php?rest_route=%2Fwp%2Fv2%2Fproduct_brand&post=30127"},{"taxonomy":"product_cat","embeddable":true,"href":"https:\/\/store.wattsc.com\/index.php?rest_route=%2Fwp%2Fv2%2Fproduct_cat&post=30127"},{"taxonomy":"product_tag","embeddable":true,"href":"https:\/\/store.wattsc.com\/index.php?rest_route=%2Fwp%2Fv2%2Fproduct_tag&post=30127"}],"curies":[{"name":"wp","href":"https:\/\/api.w.org\/{rel}","templated":true}]}}