{"id":30102,"date":"2024-07-15T18:54:16","date_gmt":"2024-07-15T18:54:16","guid":{"rendered":"https:\/\/store.wattsc.com\/?post_type=product&#038;p=30102"},"modified":"2024-07-15T21:57:20","modified_gmt":"2024-07-15T21:57:20","slug":"chargeur-rapide-dc-30kw-mural-teison-ts-edw030","status":"publish","type":"product","link":"https:\/\/store.wattsc.com\/?product=chargeur-rapide-dc-30kw-mural-teison-ts-edw030","title":{"rendered":"Chargeur rapide DC 30kW mural Teison TS-EDW030"},"content":{"rendered":"<div id=\"cn2VgJz\" class=\"cn2VgJz row_line \">\n<div id=\"ca0fGMM\" class=\"ca0fGMMrow_col rowcol \">\n<div id=\"cJeDoVO\" class=\"listTxt cJeDoVOA automatic \">\n<div class=\"textLineP\">\n<h1>CARACT\u00c9RISTIQUES\/AVANTAGES<\/h1>\n<\/div>\n<\/div>\n<div id=\"c6zQ9Pj\">\n<div class=\"c6zQ9PjcS caroSt\">\n<div class=\"bx-wrapper\">\n<div class=\"bx-viewport\" aria-live=\"polite\">\n<div id=\"c5F2nup\" class=\"c5F2nup ImghidCont \">\n<div class=\"imgHoverAn Imgbox clearfix \"><img fetchpriority=\"high\" decoding=\"async\" class=\"c5F2nupImg img ls-is-cached lazyloaded aligncenter\" src=\"https:\/\/usimg.bjyyb.net\/sites\/64500\/64807\/20240507151647317.webp\" width=\"800\" height=\"375\" data-slidew=\"800\" data-slideh=\"375\" data-src=\"\/\/usimg.bjyyb.net\/sites\/64500\/64807\/20240507151647317.jpg\" data-webp=\"\/\/usimg.bjyyb.net\/sites\/64500\/64807\/20240507151647317.webp\" \/><\/div>\n<\/div>\n<div id=\"cutNDs7\" class=\"cutNDs7 ImghidCont \">\n<div class=\"imgHoverAn Imgbox clearfix \"><img decoding=\"async\" class=\"cutNDs7Img img lazyloaded aligncenter\" src=\"https:\/\/usimg.bjyyb.net\/sites\/64500\/64807\/20240507151645504.webp\" width=\"800\" height=\"375\" data-slidew=\"800\" data-slideh=\"375\" data-src=\"\/\/usimg.bjyyb.net\/sites\/64500\/64807\/20240507151645504.jpg\" data-webp=\"\/\/usimg.bjyyb.net\/sites\/64500\/64807\/20240507151645504.webp\" \/><\/div>\n<\/div>\n<div id=\"chmm5Bc\" class=\"chmm5Bc ImghidCont \">\n<div class=\"imgHoverAn Imgbox clearfix \"><img decoding=\"async\" class=\"chmm5BcImg img lazyloaded aligncenter\" src=\"https:\/\/usimg.bjyyb.net\/sites\/64500\/64807\/20240507151646349.webp\" width=\"800\" height=\"375\" data-slidew=\"800\" data-slideh=\"375\" data-src=\"\/\/usimg.bjyyb.net\/sites\/64500\/64807\/20240507151646349.jpg\" data-webp=\"\/\/usimg.bjyyb.net\/sites\/64500\/64807\/20240507151646349.webp\" \/><\/div>\n<\/div>\n<div id=\"c5F2nup\" class=\"c5F2nup ImghidCont \">\n<div class=\"imgHoverAn Imgbox clearfix \"><img loading=\"lazy\" decoding=\"async\" class=\"c5F2nupImg img lazyloaded aligncenter\" src=\"https:\/\/usimg.bjyyb.net\/sites\/64500\/64807\/20240507151647317.webp\" width=\"800\" height=\"375\" data-slidew=\"800\" data-slideh=\"375\" data-src=\"\/\/usimg.bjyyb.net\/sites\/64500\/64807\/20240507151647317.jpg\" data-webp=\"\/\/usimg.bjyyb.net\/sites\/64500\/64807\/20240507151647317.webp\" \/><\/div>\n<\/div>\n<div id=\"cutNDs7\" class=\"cutNDs7 ImghidCont \">\n<div class=\"imgHoverAn Imgbox clearfix \"><img loading=\"lazy\" decoding=\"async\" class=\"cutNDs7Img img ls-is-cached lazyloaded aligncenter\" src=\"https:\/\/usimg.bjyyb.net\/sites\/64500\/64807\/20240507151645504.webp\" width=\"800\" height=\"375\" data-slidew=\"800\" data-slideh=\"375\" data-src=\"\/\/usimg.bjyyb.net\/sites\/64500\/64807\/20240507151645504.jpg\" data-webp=\"\/\/usimg.bjyyb.net\/sites\/64500\/64807\/20240507151645504.webp\" \/><\/div>\n<\/div>\n<\/div>\n<div class=\"bx-controls bx-has-controls-direction bx-has-pager\">\n<div class=\"bx-controls-direction advanced-arrow\">\n<div class=\"bx-prev left-arrow left-icon\"><\/div>\n<\/div>\n<\/div>\n<\/div>\n<\/div>\n<\/div>\n<\/div>\n<\/div>\n<div id=\"cXLEYxu\" class=\"cXLEYxu row_line \">\n<div id=\"cwoASuS\" class=\"cwoASuSrow_col rowcol \">\n<div id=\"cbgZJCk\" class=\"listTxt cbgZJCkA automatic \">\n<div class=\"textLineP\">\n<h2>STATION DE RECHARGE VE RAPIDE, EFFICACE ET S\u00dbRE<\/h2>\n<p>La station de recharge VE DC Teison dispose d&rsquo;une capacit\u00e9 de calcul et de traitement des donn\u00e9es plus puissante, d&rsquo;une strat\u00e9gie de r\u00e9partition plus intelligente, de meilleures performances de dissipation thermique et d&rsquo;un niveau sonore plus bas. Elle r\u00e9pond pleinement aux exigences de charge DC haute puissance des v\u00e9hicules avec interface DC standard mondiale.<\/p>\n<p>Le produit int\u00e8gre une conception \u00e0 protections multiples et une fonction de protection active, qui peut surveiller toutes les donn\u00e9es de communication pendant le processus de charge et donner une alerte pr\u00e9coce pour tous types de charges anormales afin d&rsquo;assurer la s\u00e9curit\u00e9 des utilisateurs et des v\u00e9hicules.<\/p>\n<\/div>\n<\/div>\n<div id=\"cnb2pBd\" class=\"listTxt cnb2pBdA automatic \">\n<div class=\"textLineP\">\n<h2>Fonctionnalit\u00e9s produits<\/h2>\n<\/div>\n<\/div>\n<\/div>\n<\/div>\n<div id=\"cIgiHBv\" class=\"cIgiHBv row_line \">\n<div id=\"cJz79nK\" class=\"cJz79nKrow_col rowcol \">\n<div id=\"cR4dF5C\" class=\"listTxt cR4dF5CA automatic \" data-name=\"bottomslide\">\n<div class=\"textLineP\">\n<table style=\"border-collapse: collapse; width: 100%;\">\n<thead>\n<tr style=\"background-color: #32cd32;\">\n<th style=\"border: 1px solid black; padding: 8px;\" colspan=\"4\">Param\u00e8tre<\/th>\n<\/tr>\n<\/thead>\n<tbody>\n<tr>\n<td style=\"border: 1px solid black; padding: 8px; font-weight: bold;\" colspan=\"4\">Sp\u00e9cification<\/td>\n<\/tr>\n<tr>\n<td style=\"border: 1px solid black; padding: 8px;\">Mod\u00e8le<\/td>\n<td style=\"border: 1px solid black; padding: 8px;\">TS-EDW20-001<\/td>\n<td style=\"border: 1px solid black; padding: 8px;\">TS-EDW30-001<\/td>\n<td style=\"border: 1px solid black; padding: 8px;\">TS-EDW40-001<\/td>\n<\/tr>\n<tr>\n<td style=\"border: 1px solid black; padding: 8px; font-weight: bold;\" colspan=\"4\">Propri\u00e9t\u00e9s \u00e9lectriques<\/td>\n<\/tr>\n<tr>\n<td style=\"border: 1px solid black; padding: 8px;\" colspan=\"4\">Entr\u00e9e CA<\/td>\n<\/tr>\n<tr>\n<td style=\"border: 1px solid black; padding: 8px;\">Puissance d&rsquo;entr\u00e9e nominale<\/td>\n<td style=\"border: 1px solid black; padding: 8px;\">CA380V(\u00b115%)3ph<\/td>\n<td style=\"border: 1px solid black; padding: 8px;\">CA380V(\u00b115%)3ph<\/td>\n<td style=\"border: 1px solid black; padding: 8px;\">CA380V(\u00b115%)3ph<\/td>\n<\/tr>\n<tr>\n<td style=\"border: 1px solid black; padding: 8px;\">Connexion d&rsquo;entr\u00e9e CA<\/td>\n<td style=\"border: 1px solid black; padding: 8px;\">3P+N+PE<\/td>\n<td style=\"border: 1px solid black; padding: 8px;\">3P+N+PE<\/td>\n<td style=\"border: 1px solid black; padding: 8px;\">3P+N+PE<\/td>\n<\/tr>\n<tr>\n<td style=\"border: 1px solid black; padding: 8px;\">Courant d&rsquo;entr\u00e9e nominal<\/td>\n<td style=\"border: 1px solid black; padding: 8px;\">3\u03c633A<\/td>\n<td style=\"border: 1px solid black; padding: 8px;\">3\u03c650A<\/td>\n<td style=\"border: 1px solid black; padding: 8px;\">3\u03c666A<\/td>\n<\/tr>\n<tr>\n<td style=\"border: 1px solid black; padding: 8px;\">Fr\u00e9quence<\/td>\n<td style=\"border: 1px solid black; padding: 8px;\">50\/60Hz<\/td>\n<td style=\"border: 1px solid black; padding: 8px;\">50\/60Hz<\/td>\n<td style=\"border: 1px solid black; padding: 8px;\">50\/60Hz<\/td>\n<\/tr>\n<tr>\n<td style=\"border: 1px solid black; padding: 8px;\">Facteur de puissance<\/td>\n<td style=\"border: 1px solid black; padding: 8px;\">\u22650.99<\/td>\n<td style=\"border: 1px solid black; padding: 8px;\">\u22650.99<\/td>\n<td style=\"border: 1px solid black; padding: 8px;\">\u22650.99<\/td>\n<\/tr>\n<tr>\n<td style=\"border: 1px solid black; padding: 8px;\">Efficacit\u00e9<\/td>\n<td style=\"border: 1px solid black; padding: 8px;\">\u226595%<\/td>\n<td style=\"border: 1px solid black; padding: 8px;\">\u226595%<\/td>\n<td style=\"border: 1px solid black; padding: 8px;\">\u226595%<\/td>\n<\/tr>\n<tr>\n<td style=\"border: 1px solid black; padding: 8px;\" colspan=\"4\">Sortie CC<\/td>\n<\/tr>\n<tr>\n<td style=\"border: 1px solid black; padding: 8px;\">Plage de tension de sortie<\/td>\n<td style=\"border: 1px solid black; padding: 8px;\">150V-1000V<\/td>\n<td style=\"border: 1px solid black; padding: 8px;\">150V-1000V<\/td>\n<td style=\"border: 1px solid black; padding: 8px;\">150V-1000V<\/td>\n<\/tr>\n<tr>\n<td style=\"border: 1px solid black; padding: 8px;\">Courant de sortie max<\/td>\n<td style=\"border: 1px solid black; padding: 8px;\">66A(syst\u00e8me)<\/td>\n<td style=\"border: 1px solid black; padding: 8px;\">80A(syst\u00e8me)<\/td>\n<td style=\"border: 1px solid black; padding: 8px;\">133A(syst\u00e8me)<\/td>\n<\/tr>\n<tr>\n<td style=\"border: 1px solid black; padding: 8px;\">Puissance de sortie max<\/td>\n<td style=\"border: 1px solid black; padding: 8px;\">CC20kW<\/td>\n<td style=\"border: 1px solid black; padding: 8px;\">CC30kW<\/td>\n<td style=\"border: 1px solid black; padding: 8px;\">CC40kW<\/td>\n<\/tr>\n<tr>\n<td style=\"border: 1px solid black; padding: 8px;\">Pr\u00e9cision de tension<\/td>\n<td style=\"border: 1px solid black; padding: 8px;\">\u2264\u00b10.5%<\/td>\n<td style=\"border: 1px solid black; padding: 8px;\">\u2264\u00b10.5%<\/td>\n<td style=\"border: 1px solid black; padding: 8px;\">\u2264\u00b10.5%<\/td>\n<\/tr>\n<tr>\n<td style=\"border: 1px solid black; padding: 8px;\">Pr\u00e9cision de courant<\/td>\n<td style=\"border: 1px solid black; padding: 8px;\">\u2264\u00b11%<\/td>\n<td style=\"border: 1px solid black; padding: 8px;\">\u2264\u00b11%<\/td>\n<td style=\"border: 1px solid black; padding: 8px;\">\u2264\u00b11%<\/td>\n<\/tr>\n<tr>\n<td style=\"border: 1px solid black; padding: 8px; font-weight: bold;\" colspan=\"4\">Interface utilisateur et contr\u00f4le<\/td>\n<\/tr>\n<tr>\n<td style=\"border: 1px solid black; padding: 8px;\">Affichage<\/td>\n<td style=\"border: 1px solid black; padding: 8px;\" colspan=\"3\">\u00c9cran tactile 10.1&Prime;<\/td>\n<\/tr>\n<tr>\n<td style=\"border: 1px solid black; padding: 8px;\">Mat\u00e9riau de l&rsquo;\u00e9cran<\/td>\n<td style=\"border: 1px solid black; padding: 8px;\" colspan=\"3\">LCD<\/td>\n<\/tr>\n<tr>\n<td style=\"border: 1px solid black; padding: 8px;\">Boutons poussoirs<\/td>\n<td style=\"border: 1px solid black; padding: 8px;\" colspan=\"3\">Boutons de fonctionnement\/Boutons d&rsquo;urgence<\/td>\n<\/tr>\n<tr>\n<td style=\"border: 1px solid black; padding: 8px;\">Authentification utilisateur<\/td>\n<td style=\"border: 1px solid black; padding: 8px;\" colspan=\"3\">RFID, OCPP, code QR, mot de passe<\/td>\n<\/tr>\n<tr>\n<td style=\"border: 1px solid black; padding: 8px;\">Application<\/td>\n<td style=\"border: 1px solid black; padding: 8px;\" colspan=\"3\">Langues prises en charge : Anglais (Autres langues disponibles sur demande)<\/td>\n<\/tr>\n<tr>\n<td style=\"border: 1px solid black; padding: 8px; font-weight: bold;\" colspan=\"4\">Communication<\/td>\n<\/tr>\n<tr>\n<td style=\"border: 1px solid black; padding: 8px;\">Externe<\/td>\n<td style=\"border: 1px solid black; padding: 8px;\" colspan=\"3\">Ethernet, WIFI, 3G\/4G<\/td>\n<\/tr>\n<tr>\n<td style=\"border: 1px solid black; padding: 8px;\">Interne<\/td>\n<td style=\"border: 1px solid black; padding: 8px;\" colspan=\"3\">CAN, RS485, RS232<\/td>\n<\/tr>\n<tr>\n<td style=\"border: 1px solid black; padding: 8px; font-weight: bold;\" colspan=\"4\">Environnemental<\/td>\n<\/tr>\n<tr>\n<td style=\"border: 1px solid black; padding: 8px;\">Temp\u00e9rature de fonctionnement<\/td>\n<td style=\"border: 1px solid black; padding: 8px;\" colspan=\"3\">-30\u2103-+50\u2103<\/td>\n<\/tr>\n<tr>\n<td style=\"border: 1px solid black; padding: 8px;\">Humidit\u00e9<\/td>\n<td style=\"border: 1px solid black; padding: 8px;\" colspan=\"3\">&lt;95% d&rsquo;humidit\u00e9 relative, sans condensation<\/td>\n<\/tr>\n<tr>\n<td style=\"border: 1px solid black; padding: 8px;\">Altitude<\/td>\n<td style=\"border: 1px solid black; padding: 8px;\" colspan=\"3\">\u22642000m (6000 pieds)<\/td>\n<\/tr>\n<tr>\n<td style=\"border: 1px solid black; padding: 8px; font-weight: bold;\" colspan=\"4\">M\u00e9canique<\/td>\n<\/tr>\n<tr>\n<td style=\"border: 1px solid black; padding: 8px;\">Protection contre les infiltrations<\/td>\n<td style=\"border: 1px solid black; padding: 8px;\" colspan=\"3\">IP55<\/td>\n<\/tr>\n<tr>\n<td style=\"border: 1px solid black; padding: 8px;\">Protection du bo\u00eetier<\/td>\n<td style=\"border: 1px solid black; padding: 8px;\" colspan=\"3\">IK10<\/td>\n<\/tr>\n<tr>\n<td style=\"border: 1px solid black; padding: 8px;\">Refroidissement<\/td>\n<td style=\"border: 1px solid black; padding: 8px;\" colspan=\"3\">Ventilation forc\u00e9e<\/td>\n<\/tr>\n<tr>\n<td style=\"border: 1px solid black; padding: 8px;\">M\u00e9thode d&rsquo;installation<\/td>\n<td style=\"border: 1px solid black; padding: 8px;\" colspan=\"3\">Montage mural \/ Sur pied<\/td>\n<\/tr>\n<tr>\n<td style=\"border: 1px solid black; padding: 8px; font-weight: bold;\" colspan=\"4\">Protection<\/td>\n<\/tr>\n<tr>\n<td style=\"border: 1px solid black; padding: 8px;\">Protection<\/td>\n<td style=\"border: 1px solid black; padding: 8px;\" colspan=\"3\">Surintensit\u00e9, Sous-tension, Surtension, Courant r\u00e9siduel, Protection contre les surtensions, Court-circuit, Surchauffe, D\u00e9faut de terre<\/td>\n<\/tr>\n<tr>\n<td style=\"border: 1px solid black; padding: 8px; font-weight: bold;\" colspan=\"4\">R\u00e9glementation<\/td>\n<\/tr>\n<tr>\n<td style=\"border: 1px solid black; padding: 8px;\">Certificat<\/td>\n<td style=\"border: 1px solid black; padding: 8px;\" colspan=\"3\">CE<\/td>\n<\/tr>\n<tr>\n<td style=\"border: 1px solid black; padding: 8px;\">Norme<\/td>\n<td style=\"border: 1px solid black; padding: 8px;\" colspan=\"3\">EN IEC-61851-1:2019;EN61851-23:2014; EN61851-24:2014;EN IEC 61851-21-2:2021<\/td>\n<\/tr>\n<\/tbody>\n<\/table>\n<\/div>\n<\/div>\n<p>Brochure: <a href=\"http:\/\/store.wattsc.com\/wp-content\/uploads\/2024\/07\/30kw-DC-Charger-Station.pdf\">30kw-DC-Charger-Station<\/a><\/p>\n<\/div>\n<\/div>\n","protected":false},"excerpt":{"rendered":"<p>Sortie DC unique CCS2 de 30kW avec OCPP, LAN, WIFI, RFID &#8211; En r\u00e9ponse \u00e0 la demande actuelle de charge DC sur le march\u00e9 marocain, <strong>Wattsc<\/strong> recommande des mod\u00e8les allant de 30 \u00e0 40kW.<\/p>\n<ul>\n<li class=\"whitespace-normal break-words\">20KW\/30KW\/40KW&#8211;prise unique<\/li>\n<li class=\"whitespace-normal break-words\">\u00c9cran Android 10.1 pouces<\/li>\n<li class=\"whitespace-normal break-words\">Tension de sortie jusqu&rsquo;\u00e0 1000V<\/li>\n<li class=\"whitespace-normal break-words\">Diverses solutions de facturation<\/li>\n<li class=\"whitespace-normal break-words\">OCPP1.6J<\/li>\n<li class=\"whitespace-normal break-words\">WiFi\/4G\/Ethernet<\/li>\n<li class=\"whitespace-normal break-words\">Protection compl\u00e8te<\/li>\n<\/ul>\n","protected":false},"featured_media":30103,"comment_status":"open","ping_status":"closed","template":"","meta":{"content-type":"","rop_custom_images_group":[],"rop_custom_messages_group":[],"rop_publish_now":"yes","rop_publish_now_accounts":{"gmb_114395098992411388296_accounts\/114395098992411388296\/locations\/12006445379806666969":"","linkedin_vd11fNtDAd_vd11fNtDAd":"","gmb_107160579247662550978_accounts\/107160579247662550978\/locations\/12097786389432444087":"","gmb_107160579247662550978_accounts\/107160579247662550978\/locations\/12006445379806666969":"","gmb_107160579247662550978_accounts\/107160579247662550978\/locations\/10051390009109310933":"","twitter_1300405782383558656_1300405782383558656":"","tumblr_wattscdotcom_wattscdotcom":"","linkedin_PK5Ejlb2VU_37419926":"","facebook_1791781087687796_116085383271852":"","facebook_1791781087687796_17841456517942081":""},"rop_publish_now_history":[],"rop_publish_now_status":"pending","site-sidebar-layout":"default","site-content-layout":"","ast-site-content-layout":"default","site-content-style":"default","site-sidebar-style":"default","ast-global-header-display":"","ast-banner-title-visibility":"","ast-main-header-display":"","ast-hfb-above-header-display":"","ast-hfb-below-header-display":"","ast-hfb-mobile-header-display":"","site-post-title":"","ast-breadcrumbs-content":"","ast-featured-img":"","footer-sml-layout":"","ast-disable-related-posts":"","theme-transparent-header-meta":"","adv-header-id-meta":"","stick-header-meta":"","header-above-stick-meta":"","header-main-stick-meta":"","header-below-stick-meta":"","astra-migrate-meta-layouts":"default","ast-page-background-enabled":"default","ast-page-background-meta":{"desktop":{"background-color":"var(--ast-global-color-5)","background-image":"","background-repeat":"repeat","background-position":"center center","background-size":"auto","background-attachment":"scroll","background-type":"","background-media":"","overlay-type":"","overlay-color":"","overlay-opacity":"","overlay-gradient":""},"tablet":{"background-color":"","background-image":"","background-repeat":"repeat","background-position":"center center","background-size":"auto","background-attachment":"scroll","background-type":"","background-media":"","overlay-type":"","overlay-color":"","overlay-opacity":"","overlay-gradient":""},"mobile":{"background-color":"","background-image":"","background-repeat":"repeat","background-position":"center center","background-size":"auto","background-attachment":"scroll","background-type":"","background-media":"","overlay-type":"","overlay-color":"","overlay-opacity":"","overlay-gradient":""}},"ast-content-background-meta":{"desktop":{"background-color":"var(--ast-global-color-4)","background-image":"","background-repeat":"repeat","background-position":"center center","background-size":"auto","background-attachment":"scroll","background-type":"","background-media":"","overlay-type":"","overlay-color":"","overlay-opacity":"","overlay-gradient":""},"tablet":{"background-color":"var(--ast-global-color-4)","background-image":"","background-repeat":"repeat","background-position":"center center","background-size":"auto","background-attachment":"scroll","background-type":"","background-media":"","overlay-type":"","overlay-color":"","overlay-opacity":"","overlay-gradient":""},"mobile":{"background-color":"var(--ast-global-color-4)","background-image":"","background-repeat":"repeat","background-position":"center center","background-size":"auto","background-attachment":"scroll","background-type":"","background-media":"","overlay-type":"","overlay-color":"","overlay-opacity":"","overlay-gradient":""}}},"product_brand":[255],"product_cat":[239,147],"product_tag":[262,256],"class_list":{"0":"post-30102","1":"product","2":"type-product","3":"status-publish","4":"has-post-thumbnail","6":"product_brand-teison","7":"product_cat-bornes-de-recharge-dc-ev","8":"product_cat-bornes-de-recharge-rapide-dc","9":"product_tag-chargeur-rapide-dc","10":"product_tag-teison","11":"desktop-align-left","12":"tablet-align-left","13":"mobile-align-left","15":"first","16":"instock","17":"taxable","18":"shipping-taxable","19":"purchasable","20":"product-type-simple"},"_links":{"self":[{"href":"https:\/\/store.wattsc.com\/index.php?rest_route=\/wp\/v2\/product\/30102","targetHints":{"allow":["GET"]}}],"collection":[{"href":"https:\/\/store.wattsc.com\/index.php?rest_route=\/wp\/v2\/product"}],"about":[{"href":"https:\/\/store.wattsc.com\/index.php?rest_route=\/wp\/v2\/types\/product"}],"replies":[{"embeddable":true,"href":"https:\/\/store.wattsc.com\/index.php?rest_route=%2Fwp%2Fv2%2Fcomments&post=30102"}],"version-history":[{"count":2,"href":"https:\/\/store.wattsc.com\/index.php?rest_route=\/wp\/v2\/product\/30102\/revisions"}],"predecessor-version":[{"id":30113,"href":"https:\/\/store.wattsc.com\/index.php?rest_route=\/wp\/v2\/product\/30102\/revisions\/30113"}],"wp:featuredmedia":[{"embeddable":true,"href":"https:\/\/store.wattsc.com\/index.php?rest_route=\/wp\/v2\/media\/30103"}],"wp:attachment":[{"href":"https:\/\/store.wattsc.com\/index.php?rest_route=%2Fwp%2Fv2%2Fmedia&parent=30102"}],"wp:term":[{"taxonomy":"product_brand","embeddable":true,"href":"https:\/\/store.wattsc.com\/index.php?rest_route=%2Fwp%2Fv2%2Fproduct_brand&post=30102"},{"taxonomy":"product_cat","embeddable":true,"href":"https:\/\/store.wattsc.com\/index.php?rest_route=%2Fwp%2Fv2%2Fproduct_cat&post=30102"},{"taxonomy":"product_tag","embeddable":true,"href":"https:\/\/store.wattsc.com\/index.php?rest_route=%2Fwp%2Fv2%2Fproduct_tag&post=30102"}],"curies":[{"name":"wp","href":"https:\/\/api.w.org\/{rel}","templated":true}]}}