{"id":27539,"date":"2023-11-03T20:17:01","date_gmt":"2023-11-03T20:17:01","guid":{"rendered":"https:\/\/store.wattsc.com\/easee-charge-lite-11-kw\/"},"modified":"2023-11-03T20:29:22","modified_gmt":"2023-11-03T20:29:22","slug":"easee-charge-lite-11-kw","status":"publish","type":"product","link":"https:\/\/store.wattsc.com\/?product=easee-charge-lite-11-kw","title":{"rendered":"Easee Charge Lite 11 kW"},"content":{"rendered":"<p><strong>Options de Configuration pour Votre Solution de Recharge<\/strong><\/p>\n<ul>\n<li>Couleur : Bleu<\/li>\n<li>Easee Equalizer via le portoir P1 (compteur intelligent)<\/li>\n<li>Installation de base<\/li>\n<li>Installation de base incluant la configuration de l&rsquo;\u00e9quilibrage de charge<\/li>\n<li>Installation de base incluant l&rsquo;\u00e9quilibrage de charge en option<\/li>\n<\/ul>\n<p><strong>Options de Montage<\/strong><\/p>\n<ul>\n<li>Montage baguette<\/li>\n<li>Base 1-Way (pour sol dur)<\/li>\n<li>Base 1-Way (pour sol mou)<\/li>\n<li>Panneau de montage en b\u00e9ton pour bornes de recharge (adapt\u00e9 pour Easee)<\/li>\n<\/ul>\n<p><strong>Accessoires de Recharge<\/strong><\/p>\n<ul>\n<li>Couleur : Bleu<\/li>\n<li>C\u00e2ble de recharge Easee 32A 7.5M<\/li>\n<li>C\u00e2ble de recharge Easee + U-Hook<\/li>\n<li>C\u00e2ble de recharge Easee + U-Hook Premium<\/li>\n<\/ul>\n<p><strong>Pourquoi Choisir Easee ?<\/strong><\/p>\n<ul>\n<li><strong>Recharge progressive \u00e0 domicile :<\/strong> Easee s&rsquo;adapte \u00e0 toutes les voitures \u00e9lectriques et \u00e0 toutes les alimentations \u00e9lectriques. Le robot de chargement d\u00e9tecte automatiquement la prise en charge de la recharge triphas\u00e9e.<\/li>\n<li><strong>Easee Charge Lite :<\/strong> Un point de recharge s\u00fbr, intelligent et puissant pour la maison, d\u00e9velopp\u00e9 et produit en Norv\u00e8ge. Charge jusqu&rsquo;\u00e0 10 fois plus rapidement qu&rsquo;avec une prise ordinaire.<\/li>\n<li><strong>Connectivit\u00e9 4G :<\/strong> Tous nos robots de recharge sont connect\u00e9s \u00e0 Internet via une SIM 4G int\u00e9gr\u00e9e, offrant un abonnement 4G \u00ab\u00a0\u00e0 vie\u00a0\u00bb.<\/li>\n<li><strong>Toujours \u00e0 jour :<\/strong> Mises \u00e0 jour automatiques pour de nouvelles fonctionnalit\u00e9s et maintenance proactive.<\/li>\n<li><strong>Compact :<\/strong> 69 % plus petit et plus l\u00e9ger que les autres points de chargement avec les m\u00eames fonctionnalit\u00e9s, pesant seulement 1,5 kg.<\/li>\n<\/ul>\n<p><strong>Application Easee<\/strong><\/p>\n<p>Contr\u00f4lez vos robots chargeurs avec l&rsquo;application Easee, que vous soyez chez vous ou en d\u00e9placement. L&rsquo;application est r\u00e9guli\u00e8rement mise \u00e0 jour pour rendre votre robot de chargement encore plus intelligent.<\/p>\n<p><strong>Easee Equalizer<\/strong><\/p>\n<p>Optimisez votre exp\u00e9rience de charge sans d\u00e9passer le fusible principal. L&rsquo;Equalizer est extr\u00eamement simple \u00e0 configurer et \u00e0 connecter.<\/p>\n<p><strong>Facilement \u00e9volutif<\/strong><\/p>\n<p>Notre technologie Plug &amp; Play vous permet d&rsquo;\u00e9voluer facilement sans travaux \u00e9lectriques suppl\u00e9mentaires.<\/p>\n<p><strong>D\u00e9couvrez Plus en Images et Vid\u00e9os<\/strong><\/p>\n<ul>\n<li><img decoding=\"async\" src=\"https:\/\/www.elec2go.eu\/inhoud\/uploads\/01-Location-15.jpg\" alt=\"Location 15\" \/><\/li>\n<li><img decoding=\"async\" src=\"https:\/\/www.elec2go.eu\/inhoud\/uploads\/Schermopname-454.png\" alt=\"Schermopname 454\" \/><\/li>\n<li><img decoding=\"async\" src=\"https:\/\/www.elec2go.eu\/inhoud\/uploads\/3-on-1-cable.png\" alt=\"3-on-1 Cable\" \/><\/li>\n<\/ul>\n<p><strong>Vid\u00e9os Explicatives<\/strong><\/p>\n<ul>\n<li><a href=\"https:\/\/www.youtube.com\/embed\/-hATReSVQH0?feature=oembed&amp;rel=0&amp;enablejsapi=1\" target=\"_new\" rel=\"noopener\">D\u00e9couvrez Easee en action<\/a><\/li>\n<li><a href=\"https:\/\/www.youtube.com\/embed\/oMDqSy68uh4?feature=oembed&amp;rel=0&amp;enablejsapi=1\" target=\"_new\" rel=\"noopener\">Installation et configuration<\/a><\/li>\n<\/ul>\n<hr \/>\n","protected":false},"excerpt":{"rendered":"<p>L&rsquo;Easee Home est la solution intelligente qui s&rsquo;adapte \u00e0 tous les mod\u00e8les de v\u00e9hicules \u00e9lectriques et \u00e0 toutes les tensions \u00e9lectriques, assurant une compatibilit\u00e9 optimale avec votre r\u00e9seau \u00e9lectrique.<\/p>\n<p><strong>Les Avantages de l&rsquo;Easee Home<\/strong><\/p>\n<ul>\n<li><strong>Design \u00c9l\u00e9gant :<\/strong> Une esth\u00e9tique raffin\u00e9e qui s&rsquo;int\u00e8gre parfaitement \u00e0 tout environnement.<\/li>\n<li><strong>Application Gratuite :<\/strong> G\u00e9rez et contr\u00f4lez votre exp\u00e9rience de recharge depuis votre smartphone sans frais suppl\u00e9mentaires.<\/li>\n<li><strong>S\u00e9curit\u00e9 Renforc\u00e9e :<\/strong> Protection accrue avec un lecteur RFID pour un acc\u00e8s s\u00e9curis\u00e9.<\/li>\n<li><strong>R\u00e8glement Automatique :<\/strong> Option de gestion automatique pour une exp\u00e9rience utilisateur sans souci.<\/li>\n<\/ul>\n","protected":false},"featured_media":27541,"comment_status":"open","ping_status":"closed","template":"","meta":{"content-type":"","rop_custom_images_group":[],"rop_custom_messages_group":[],"rop_publish_now":"initial","rop_publish_now_accounts":{"gmb_114395098992411388296_accounts\/114395098992411388296\/locations\/12006445379806666969":"","linkedin_vd11fNtDAd_vd11fNtDAd":"","twitter_1300405782383558656_1300405782383558656":"","tumblr_wattscdotcom_wattscdotcom":"","facebook_1791781087687796_116085383271852":"","gmb_107160579247662550978_accounts\/107160579247662550978\/locations\/12097786389432444087":"","gmb_107160579247662550978_accounts\/107160579247662550978\/locations\/10051390009109310933":"","gmb_107160579247662550978_accounts\/107160579247662550978\/locations\/12006445379806666969":"","facebook_1791781087687796_17841456517942081":"","linkedin_PK5Ejlb2VU_105025086":"","linkedin_PK5Ejlb2VU_37419926":""},"rop_publish_now_history":[],"rop_publish_now_status":"pending","site-sidebar-layout":"default","site-content-layout":"","ast-site-content-layout":"default","site-content-style":"default","site-sidebar-style":"default","ast-global-header-display":"","ast-banner-title-visibility":"","ast-main-header-display":"","ast-hfb-above-header-display":"","ast-hfb-below-header-display":"","ast-hfb-mobile-header-display":"","site-post-title":"","ast-breadcrumbs-content":"","ast-featured-img":"","footer-sml-layout":"","ast-disable-related-posts":"","theme-transparent-header-meta":"","adv-header-id-meta":"","stick-header-meta":"","header-above-stick-meta":"","header-main-stick-meta":"","header-below-stick-meta":"","astra-migrate-meta-layouts":"default","ast-page-background-enabled":"default","ast-page-background-meta":{"desktop":{"background-color":"var(--ast-global-color-5)","background-image":"","background-repeat":"repeat","background-position":"center center","background-size":"auto","background-attachment":"scroll","background-type":"","background-media":"","overlay-type":"","overlay-color":"","overlay-opacity":"","overlay-gradient":""},"tablet":{"background-color":"","background-image":"","background-repeat":"repeat","background-position":"center center","background-size":"auto","background-attachment":"scroll","background-type":"","background-media":"","overlay-type":"","overlay-color":"","overlay-opacity":"","overlay-gradient":""},"mobile":{"background-color":"","background-image":"","background-repeat":"repeat","background-position":"center center","background-size":"auto","background-attachment":"scroll","background-type":"","background-media":"","overlay-type":"","overlay-color":"","overlay-opacity":"","overlay-gradient":""}},"ast-content-background-meta":{"desktop":{"background-color":"var(--ast-global-color-4)","background-image":"","background-repeat":"repeat","background-position":"center center","background-size":"auto","background-attachment":"scroll","background-type":"","background-media":"","overlay-type":"","overlay-color":"","overlay-opacity":"","overlay-gradient":""},"tablet":{"background-color":"var(--ast-global-color-4)","background-image":"","background-repeat":"repeat","background-position":"center center","background-size":"auto","background-attachment":"scroll","background-type":"","background-media":"","overlay-type":"","overlay-color":"","overlay-opacity":"","overlay-gradient":""},"mobile":{"background-color":"var(--ast-global-color-4)","background-image":"","background-repeat":"repeat","background-position":"center center","background-size":"auto","background-attachment":"scroll","background-type":"","background-media":"","overlay-type":"","overlay-color":"","overlay-opacity":"","overlay-gradient":""}}},"product_brand":[173],"product_cat":[135],"product_tag":[],"class_list":{"0":"post-27539","1":"product","2":"type-product","3":"status-publish","4":"has-post-thumbnail","6":"product_brand-easee","7":"product_cat-bornes-de-recharge","8":"desktop-align-left","9":"tablet-align-left","10":"mobile-align-left","12":"first","13":"instock","14":"sold-individually","15":"taxable","16":"shipping-taxable","17":"purchasable","18":"product-type-simple"},"_links":{"self":[{"href":"https:\/\/store.wattsc.com\/index.php?rest_route=\/wp\/v2\/product\/27539","targetHints":{"allow":["GET"]}}],"collection":[{"href":"https:\/\/store.wattsc.com\/index.php?rest_route=\/wp\/v2\/product"}],"about":[{"href":"https:\/\/store.wattsc.com\/index.php?rest_route=\/wp\/v2\/types\/product"}],"replies":[{"embeddable":true,"href":"https:\/\/store.wattsc.com\/index.php?rest_route=%2Fwp%2Fv2%2Fcomments&post=27539"}],"version-history":[{"count":3,"href":"https:\/\/store.wattsc.com\/index.php?rest_route=\/wp\/v2\/product\/27539\/revisions"}],"predecessor-version":[{"id":27833,"href":"https:\/\/store.wattsc.com\/index.php?rest_route=\/wp\/v2\/product\/27539\/revisions\/27833"}],"wp:featuredmedia":[{"embeddable":true,"href":"https:\/\/store.wattsc.com\/index.php?rest_route=\/wp\/v2\/media\/27541"}],"wp:attachment":[{"href":"https:\/\/store.wattsc.com\/index.php?rest_route=%2Fwp%2Fv2%2Fmedia&parent=27539"}],"wp:term":[{"taxonomy":"product_brand","embeddable":true,"href":"https:\/\/store.wattsc.com\/index.php?rest_route=%2Fwp%2Fv2%2Fproduct_brand&post=27539"},{"taxonomy":"product_cat","embeddable":true,"href":"https:\/\/store.wattsc.com\/index.php?rest_route=%2Fwp%2Fv2%2Fproduct_cat&post=27539"},{"taxonomy":"product_tag","embeddable":true,"href":"https:\/\/store.wattsc.com\/index.php?rest_route=%2Fwp%2Fv2%2Fproduct_tag&post=27539"}],"curies":[{"name":"wp","href":"https:\/\/api.w.org\/{rel}","templated":true}]}}