{"id":25860,"date":"2023-05-27T17:07:22","date_gmt":"2023-05-27T17:07:22","guid":{"rendered":"https:\/\/store.wattsc.com\/politique-relative-aux-cookies\/"},"modified":"2023-05-27T17:07:22","modified_gmt":"2023-05-27T17:07:22","slug":"politique-relative-aux-cookies","status":"publish","type":"page","link":"https:\/\/store.wattsc.com\/?page_id=25860","title":{"rendered":"Politique relative aux cookies"},"content":{"rendered":"\n<p>Politique relative aux cookies<\/p>\n\n\n\n<p>Les informations qui vous sont demand\u00e9es sont n\u00e9cessaires au traitement de votre commande et elles sont trait\u00e9es de mani\u00e8re confidentielle. Vous disposez d\u2019un droit de rectification relatif aux donn\u00e9es vous concernant.<\/p>\n\n\n\n<p>Vous pouvez \u00eatre amen\u00e9s \u00e0 recevoir des publicit\u00e9s de la part de WATTSC sauf si vous avez stipul\u00e9 que vous refusiez l\u2019utilisation de vos donn\u00e9es nominatives \u00e0 ses fins.<\/p>\n\n\n\n<p>WATTSC.COM (WATTSC SARL) peut obtenir des informations sur vous en installant une \u00ab balise \u00bb sur le disque dur de votre ordinateur. Cette balise est connue sous le nom de \u00ab cookie \u00bb. Les cookies permettent d\u2019am\u00e9liorer l\u2019exp\u00e9rience utilisateur en sauvegardant vos pr\u00e9f\u00e9rences, en personnalisant votre environnement en ligne, en sauvegardant une liste de produits (caddie) lors de la r\u00e9alisation d\u2019achats en ligne. Les cookies peuvent aussi permettre de vous faire b\u00e9n\u00e9ficier de publicit\u00e9 cibl\u00e9e au regard de vos int\u00e9r\u00eats.<\/p>\n\n\n\n<p>Tous nos Sites Internet WATTSC.COM (WATTSC SARL) utilisent des \u00ab cookies de session \u00bb. Un cookie de session est utilis\u00e9 pour marquer votre ordinateur \u00e0 l\u2019aide d\u2019un identifiant unique g\u00e9n\u00e9r\u00e9 par votre ordinateur lorsque vous acc\u00e9dez \u00e0 notre site. Un cookie de session ne vous identifie pas personnellement et expire lorsque vous fermez votre navigateur. Nous utilisons les cookies de session pour collecter des informations statistiques sur la mani\u00e8re dont nos visiteurs explorent nos sites \u2013 quelles pages ils visitent, quels liens ils utilisent et combien de temps ils restent sur chaque page. Nous analysons ces informations (connues sous le nom de \u00ab donn\u00e9es de navigation \u00bb) sous la forme de statistiques afin de mieux comprendre ce qui int\u00e9resse nos visiteurs et ce que nous devons am\u00e9liorer dans nos<br>sites en termes de contenu et de fonctionnalit\u00e9s.<\/p>\n\n\n\n<p>Certains de nos sites Internet WATTSC.COM (WATTSC SARL) utilise \u00e9galement des \u00ab cookies persistants \u00bb. Ces cookies n\u2019expirent pas lorsque vous fermez votre navigateur ; ils restent sur votre ordinateur tant que vous ne les effacez pas. En attribuant \u00e0 votre ordinateur un identifiant unique, nous pouvons cr\u00e9er une base de donn\u00e9es de vos choix et pr\u00e9f\u00e9rences ant\u00e9rieures, et, en cas de besoin, vous les communiquer automatiquement, ce qui vous fait gagner du temps et vous \u00e9vite des efforts. Par exemple, si, apr\u00e8s avoir fait un achat, vous d\u00e9cidez de faire un autre achat, votre adresse de livraison aura \u00e9t\u00e9 conserv\u00e9e et vous n\u2019aurez qu\u2019\u00e0 la confirmer.<\/p>\n\n\n\n<p><a href=\"https:\/\/www.3mmaroc.ma\/3M\/fr_MA\/company-mea\/privacy-policy\/#MMM--TopJumpMenu\" target=\"_blank\" rel=\"noreferrer noopener\">&nbsp;<\/a><\/p>\n\n\n\n<ul class=\"wp-block-list\"><li><strong>Configuration d\u2019acceptation de cookies<\/strong><\/li><\/ul>\n\n\n\n<p>Lorsque vous visiterez un site Internet de WATTSC.COM (WATTSC SARL) au Maroc pour la premi\u00e8re fois, le site proposera en haut de page une barre d\u2019outils permettant de configurer vos options concernant l\u2019utilisation de cookies.<\/p>\n\n\n\n<ul class=\"wp-block-list\"><li>Si vous choisissez \u00ab accepter \u00bb, votre acceptation sera enregistr\u00e9e et vous retournerez \u00e0 la navigation.<\/li><li>Si vous choisissez \u00ab plus d\u2019informations \u00bb, un panneau affichera des informations d\u00e9taill\u00e9es sur les options relatives aux cookies. Il vous suffira alors de prendre connaissance des informations et de s\u00e9lectionner quel type de cookies vous souhaitez accepter.<\/li><\/ul>\n\n\n\n<p>Lorsque vous aurez termin\u00e9 votre configuration, il suffira de cliquer sur \u00ab enregistrer \u00bb<br>pour retourner \u00e0 la navigation.<\/p>\n\n\n\n<p>\u00c0 tout moment lors de la visite d\u2019un site op\u00e9r\u00e9 par WATTSC.COM (WATTSC SARL) au Maroc, cliquer sur le lien \u00ab configuration cookies \u00bb situ\u00e9 en bas de page vous permettra d\u2019acc\u00e9der au panneau de configuration des cookies et d\u2019ajuster vos choix.<\/p>\n\n\n\n<p>Sachez que bien que l\u2019acceptation de cookies ne soit pas obligatoire, vos choix dans le cadre de la configuration pr\u00e9cit\u00e9e pourront \u00e9ventuellement emp\u00eacher l\u2019utilisation de certaines fonctionnalit\u00e9s du site. De m\u00eame, certains cookies sont n\u00e9cessaires \u00e0 la bonne marche du site Internet WATTSC.COM (WATTSC SARL). Si vous ne souhaitez pas accepter ces cookies, merci de ne pas utiliser le site.<\/p>\n\n\n\n<p>En plus de la configuration via l\u2019outil pr\u00e9sent\u00e9, votre navigateur peut vous proposer d\u2019assurer une configuration des cookies et de vous alerter lorsqu\u2019un cookie est plac\u00e9 sur votre ordinateur.<\/p>\n\n\n\n<p><a href=\"https:\/\/www.3mmaroc.ma\/3M\/fr_MA\/company-mea\/privacy-policy\/#MMM--TopJumpMenu\" target=\"_blank\" rel=\"noreferrer noopener\">&nbsp;<\/a><\/p>\n\n\n\n<ul class=\"wp-block-list\"><li><strong>Liens vers des sites Internet Utilisation et partage de donn\u00e9es personnelles vous concernant<\/strong><\/li><\/ul>\n\n\n\n<p>WATTSC.COM (WATTSC SARL) ne vendra pas d\u2019informations personnelles collect\u00e9es \u00e0 partir de ses Sites Internet \u00e0 des agents de listes de diffusion si vous n\u2019y avez pas express\u00e9ment consenti.<\/p>\n\n\n\n<p>Un grand nombre de sites Internet WATTSC.COM ( WATTSC SARL) permet de choisir ses pr\u00e9f\u00e9rences quant au partage d\u2019informations personnelles. Dans la majorit\u00e9 des cas, le choix est propos\u00e9 sur la page de collecte.<\/p>\n\n\n\n<p>En tout \u00e9tat de cause, les seuls partages de donn\u00e9es pouvant \u00eatre op\u00e9r\u00e9s par WATTSC.COM ( WATTSC SARL) sont les suivants :<\/p>\n\n\n\n<p>\u2013&nbsp; &nbsp; Sauf pr\u00e9cision sp\u00e9cifique, et conform\u00e9ment \u00e0 la loi applicable, WATTSC.COM ( WATTSC SARL) peut utiliser les informations pour am\u00e9liorer le contenu du site Internet, pour optimiser le site au regard de vos pr\u00e9f\u00e9rences, pour vous communiquer des informations commerciales et pour toute autre finalit\u00e9 pr\u00e9cis\u00e9e sur le site.<br>\u2013&nbsp;&nbsp;&nbsp; WATTSC.COM ( WATTSC SARL) peut partager vos informations personnelles avec d\u2019autres d\u00e9partements commerciaux de WATTSC.COM ( WATTSC SARL). Dans ce cas, celles-ci utiliseront vos donn\u00e9es personnelles conform\u00e9ment aux finalit\u00e9s pour lesquelles elles ont \u00e9t\u00e9 collect\u00e9es \u00e0 l\u2019origine (ou pour celles pour lesquelles vous aurez pr\u00e9alablement donn\u00e9 votre consentement).<br>\u2013&nbsp;&nbsp;&nbsp; WATTSC.COM (WATTSC SARL) peut \u00e9galement partager vos informations personnelles avec des tiers qui ex\u00e9cutent des prestations de service pour notre compte. Nous demandons \u00e0 ces tiers de ne pas utiliser les informations personnelles que nous partageons avec eux pour d\u2019autres raisons que la fourniture des services de traiter vos informations personnelles de mani\u00e8re strictement confidentielle et en accord avec les lois applicables en mati\u00e8re de protection de donn\u00e9es personnelles.<br>\u2013&nbsp;&nbsp; &nbsp; Dans certains cas, WATTSC.COM ( WATTSC SARL) peut partager vos informations personnelles avec des tiers auxquels elle est associ\u00e9e pour fournir des produits et des services \u00e0 ses clients. Lorsque nous&nbsp; proc\u00e9dons ainsi, nous demandons \u00e0 nos partenaires commerciaux d\u2019utiliser les informations personnelles que nous partageons avec eux conform\u00e9ment aux finalit\u00e9s pour lesquelles elles ont \u00e9t\u00e9 collect\u00e9es \u00e0 l\u2019origine (ou celles pour lesquelles vous aurez pr\u00e9alablement donn\u00e9 votre consentement), et ce dans les limites d\u00e9finies par la loi et par les stipulations sp\u00e9cifiques du site concern\u00e9.<br>\u2013&nbsp;&nbsp; &nbsp; Dans certaines circonstances pr\u00e9cises, et dans les limites impos\u00e9es par la loi applicable, nous pouvons \u00e9galement partager vos informations personnelles avec des tiers avec lesquels nous n\u2019avons pas de relations. Nous pouvons par exemple fournir vos donn\u00e9es personnelles \u00e0 des tiers (i) si vous en faites la demande ; (ii) dans le cadre d\u2019une obligation l\u00e9gale ou d\u2019une d\u00e9cision judiciaire (iv) dans le cadre d\u2019une r\u00e9organisation telle que la vente, l\u2019achat, la fusion, la liquidation ou la dissolution de WATTSC.COM (WATTSC SARL) ou d\u2019une unit\u00e9 commerciale de WATTSC.COM ( WATTSC SARL). Si l\u2019une de ces circonstances devait se produire, nous prendrions les mesures appropri\u00e9es pour prot\u00e9ger vos donn\u00e9es personnelles.<\/p>\n","protected":false},"excerpt":{"rendered":"<p>Politique relative aux cookies Les informations qui vous sont demand\u00e9es sont n\u00e9cessaires au traitement de votre commande et elles sont [&hellip;]<\/p>\n","protected":false},"author":1,"featured_media":0,"parent":0,"menu_order":0,"comment_status":"open","ping_status":"open","template":"","meta":{"content-type":"","rop_custom_images_group":[],"rop_custom_messages_group":[],"rop_publish_now":"initial","rop_publish_now_accounts":{"gmb_114395098992411388296_accounts\/114395098992411388296\/locations\/12006445379806666969":"","linkedin_vd11fNtDAd_vd11fNtDAd":"","twitter_1300405782383558656_1300405782383558656":"","tumblr_wattscdotcom_wattscdotcom":"","facebook_1791781087687796_116085383271852":"","gmb_107160579247662550978_accounts\/107160579247662550978\/locations\/12097786389432444087":"","gmb_107160579247662550978_accounts\/107160579247662550978\/locations\/10051390009109310933":"","gmb_107160579247662550978_accounts\/107160579247662550978\/locations\/12006445379806666969":"","facebook_1791781087687796_17841456517942081":"","linkedin_PK5Ejlb2VU_105025086":"","linkedin_PK5Ejlb2VU_37419926":""},"rop_publish_now_history":[],"rop_publish_now_status":"pending","site-sidebar-layout":"default","site-content-layout":"","ast-site-content-layout":"default","site-content-style":"default","site-sidebar-style":"default","ast-global-header-display":"","ast-banner-title-visibility":"","ast-main-header-display":"","ast-hfb-above-header-display":"","ast-hfb-below-header-display":"","ast-hfb-mobile-header-display":"","site-post-title":"","ast-breadcrumbs-content":"","ast-featured-img":"","footer-sml-layout":"","ast-disable-related-posts":"","theme-transparent-header-meta":"","adv-header-id-meta":"","stick-header-meta":"","header-above-stick-meta":"","header-main-stick-meta":"","header-below-stick-meta":"","astra-migrate-meta-layouts":"default","ast-page-background-enabled":"default","ast-page-background-meta":{"desktop":{"background-color":"var(--ast-global-color-5)","background-image":"","background-repeat":"repeat","background-position":"center center","background-size":"auto","background-attachment":"scroll","background-type":"","background-media":"","overlay-type":"","overlay-color":"","overlay-opacity":"","overlay-gradient":""},"tablet":{"background-color":"","background-image":"","background-repeat":"repeat","background-position":"center center","background-size":"auto","background-attachment":"scroll","background-type":"","background-media":"","overlay-type":"","overlay-color":"","overlay-opacity":"","overlay-gradient":""},"mobile":{"background-color":"","background-image":"","background-repeat":"repeat","background-position":"center center","background-size":"auto","background-attachment":"scroll","background-type":"","background-media":"","overlay-type":"","overlay-color":"","overlay-opacity":"","overlay-gradient":""}},"ast-content-background-meta":{"desktop":{"background-color":"var(--ast-global-color-4)","background-image":"","background-repeat":"repeat","background-position":"center center","background-size":"auto","background-attachment":"scroll","background-type":"","background-media":"","overlay-type":"","overlay-color":"","overlay-opacity":"","overlay-gradient":""},"tablet":{"background-color":"var(--ast-global-color-4)","background-image":"","background-repeat":"repeat","background-position":"center center","background-size":"auto","background-attachment":"scroll","background-type":"","background-media":"","overlay-type":"","overlay-color":"","overlay-opacity":"","overlay-gradient":""},"mobile":{"background-color":"var(--ast-global-color-4)","background-image":"","background-repeat":"repeat","background-position":"center center","background-size":"auto","background-attachment":"scroll","background-type":"","background-media":"","overlay-type":"","overlay-color":"","overlay-opacity":"","overlay-gradient":""}},"footnotes":""},"class_list":["post-25860","page","type-page","status-publish","hentry"],"_links":{"self":[{"href":"https:\/\/store.wattsc.com\/index.php?rest_route=\/wp\/v2\/pages\/25860","targetHints":{"allow":["GET"]}}],"collection":[{"href":"https:\/\/store.wattsc.com\/index.php?rest_route=\/wp\/v2\/pages"}],"about":[{"href":"https:\/\/store.wattsc.com\/index.php?rest_route=\/wp\/v2\/types\/page"}],"author":[{"embeddable":true,"href":"https:\/\/store.wattsc.com\/index.php?rest_route=\/wp\/v2\/users\/1"}],"replies":[{"embeddable":true,"href":"https:\/\/store.wattsc.com\/index.php?rest_route=%2Fwp%2Fv2%2Fcomments&post=25860"}],"version-history":[{"count":0,"href":"https:\/\/store.wattsc.com\/index.php?rest_route=\/wp\/v2\/pages\/25860\/revisions"}],"wp:attachment":[{"href":"https:\/\/store.wattsc.com\/index.php?rest_route=%2Fwp%2Fv2%2Fmedia&parent=25860"}],"curies":[{"name":"wp","href":"https:\/\/api.w.org\/{rel}","templated":true}]}}